{"id":533,"date":"2024-06-17T19:42:30","date_gmt":"2024-06-17T17:42:30","guid":{"rendered":"https:\/\/subaruperformance.com.py\/fueltech\/?page_id=533"},"modified":"2024-06-19T22:28:07","modified_gmt":"2024-06-19T20:28:07","slug":"servicio-tecnico","status":"publish","type":"page","link":"https:\/\/subaruperformance.com.py\/fueltech\/servicio-tecnico\/","title":{"rendered":"Servicio Tecnico"},"content":{"rendered":"\t\t<div data-elementor-type=\"wp-page\" data-elementor-id=\"533\" class=\"elementor elementor-533\" data-elementor-post-type=\"page\">\n\t\t\t\t<div class=\"elementor-element elementor-element-7661ff6 e-flex e-con-boxed e-con e-parent\" data-id=\"7661ff6\" data-element_type=\"container\" data-e-type=\"container\" data-settings=\"{&quot;_ha_eqh_enable&quot;:false}\">\n\t\t\t\t\t<div class=\"e-con-inner\">\n\t\t\t\t<div class=\"elementor-element elementor-element-db0bf9a ha-css-transform-yes elementor-widget elementor-widget-heading\" data-id=\"db0bf9a\" data-element_type=\"widget\" data-e-type=\"widget\" data-widget_type=\"heading.default\">\n\t\t\t\t<div class=\"elementor-widget-container\">\n\t\t\t\t\t<h1 class=\"elementor-heading-title elementor-size-default\">SERVICIO TECNICO<\/h1>\t\t\t\t<\/div>\n\t\t\t\t<\/div>\n\t\t\t\t<div class=\"elementor-element elementor-element-8d69fc1 elementor-widget elementor-widget-ha-breadcrumbs happy-addon ha-breadcrumbs happy-addon-pro\" data-id=\"8d69fc1\" data-element_type=\"widget\" data-e-type=\"widget\" data-widget_type=\"ha-breadcrumbs.default\">\n\t\t\t\t<div class=\"elementor-widget-container\">\n\t\t\t\t\t<ul class=\"ha-breadcrumbs\"><li class=\"ha-breadcrumbs-item ha-breadcrumbs-start\"><a href=\"https:\/\/subaruperformance.com.py\/fueltech\/\" rel=\"home\"><span class=\"ha-breadcrumbs-text\"><span class=\"ha-breadcrumbs-home-icon\"><span class=\"hm hm-home3\" aria-hidden=\"true\"><\/span><\/span>Inicio<\/span><\/a><\/li><\/ul>\t\t\t\t<\/div>\n\t\t\t\t<\/div>\n\t\t\t\t\t<\/div>\n\t\t\t\t<\/div>\n\t\t<div class=\"elementor-element elementor-element-ca99f4c e-flex e-con-boxed e-con e-parent\" data-id=\"ca99f4c\" data-element_type=\"container\" data-e-type=\"container\" data-settings=\"{&quot;_ha_eqh_enable&quot;:false}\">\n\t\t\t\t\t<div class=\"e-con-inner\">\n\t\t<div class=\"elementor-element elementor-element-a7ad788 e-con-full e-flex e-con e-child\" data-id=\"a7ad788\" data-element_type=\"container\" data-e-type=\"container\" data-settings=\"{&quot;_ha_eqh_enable&quot;:false}\">\n\t\t\t\t<div class=\"elementor-element elementor-element-849a47e elementor-widget elementor-widget-text-editor\" data-id=\"849a47e\" data-element_type=\"widget\" data-e-type=\"widget\" data-widget_type=\"text-editor.default\">\n\t\t\t\t<div class=\"elementor-widget-container\">\n\t\t\t\t\t\t\t\t\t<p style=\"font-weight: 400;\">El correcto llenado y env\u00edo de este formulario junto al m\u00f3dulo agilizar\u00e1 el servicio a realizar sobre su producto.<\/p><p><b>Contrase\u00f1a de modulos<\/b>: para que podamos brindarle un servicio completo a su producto, debe ingresar la contrase\u00f1a en el formulario, o deshabilitarla, para tener acceso a la informaci\u00f3n del software;<\/p><p>En algunos procesos de mantenimiento, los mapas y la configuraci\u00f3n se pueden borrar. Haga una copia de seguridad antes de enviarla a f\u00e1brica, ya que no nos hacemos responsables de la informaci\u00f3n registrada en el m\u00f3dulo;<\/p><p>Para enviar palancas de cambio , comun\u00edquese con Asistencia t\u00e9cnica para conocer la compatibilidad. Solo es necesario enviar la varilla, se podria cobrar tarifa de desmontaje.<\/p><p><b><strong>DIRECCION PARA EL ENVIO DE LOS EQUIPOS<\/strong><\/b><\/p><p><b><strong>Calle Corrales 1351 casi Dr Molina, Fernando de la Mora, Departamento Central<\/strong><\/b><\/p><p><b><strong>Telefono 0972 203 228<\/strong><\/b><\/p><p><b><strong>Whatsapp +595 972 203 228<\/strong><\/b><\/p><p><b><strong>Email:\u00a0<a href=\"about:blank\">subaruperformancepy@gmail.com<\/a><br \/><br \/><\/strong><\/b><\/p><p><b><strong>Los costos de env\u00edos estar\u00e1n a cargo del cliente.<\/strong><\/b><\/p><p><b><strong>\u00a0<\/strong><\/b><\/p><p><b><strong>Declaro que he le\u00eddo y estoy enterado.<\/strong><\/b><\/p><p><b><strong>\u00a0<\/strong><\/b><\/p><p><b><strong>Es necesario enviar en la casilla junto a los m\u00f3dulos: el nombre completo y CI informado en este formulario, para que podamos identificar su producto al recibirlo en Asistencia T\u00e9cnica.<\/strong><\/b><\/p>\t\t\t\t\t\t\t\t<\/div>\n\t\t\t\t<\/div>\n\t\t\t\t<\/div>\n\t\t<div class=\"elementor-element elementor-element-3e43d58 e-con-full e-flex e-con e-child\" data-id=\"3e43d58\" data-element_type=\"container\" data-e-type=\"container\" data-settings=\"{&quot;_ha_eqh_enable&quot;:false}\">\n\t\t\t\t<div class=\"elementor-element elementor-element-a2ddaca elementor-widget elementor-widget-html\" data-id=\"a2ddaca\" data-element_type=\"widget\" data-e-type=\"widget\" data-widget_type=\"html.default\">\n\t\t\t\t<div class=\"elementor-widget-container\">\n\t\t\t\t\t<div formsappId=\"6670730244ef84f5c9908207\"><\/div>\r\n<script src=\"https:\/\/forms.app\/static\/embed.js\" type=\"text\/javascript\" async defer onload=\"new formsapp('6670730244ef84f5c9908207', 'standard', {'width':'100vw','height':'950px','opacity':0});\"><\/script>\t\t\t\t<\/div>\n\t\t\t\t<\/div>\n\t\t\t\t<\/div>\n\t\t\t\t\t<\/div>\n\t\t\t\t<\/div>\n\t\t\t\t<\/div>\n\t\t","protected":false},"excerpt":{"rendered":"<p>SERVICIO TECNICO Inicio El correcto llenado y env\u00edo de este formulario junto al m\u00f3dulo agilizar\u00e1 el servicio a realizar sobre su producto. Contrase\u00f1a de modulos: para que podamos brindarle un servicio completo a su producto, debe ingresar la contrase\u00f1a en el formulario, o deshabilitarla, para tener acceso a la informaci\u00f3n del software; En algunos procesos [&hellip;]<\/p>\n","protected":false},"author":1,"featured_media":0,"parent":0,"menu_order":0,"comment_status":"closed","ping_status":"closed","template":"","meta":{"footnotes":""},"class_list":["post-533","page","type-page","status-publish","hentry"],"jetpack_sharing_enabled":true,"_links":{"self":[{"href":"https:\/\/subaruperformance.com.py\/fueltech\/wp-json\/wp\/v2\/pages\/533","targetHints":{"allow":["GET"]}}],"collection":[{"href":"https:\/\/subaruperformance.com.py\/fueltech\/wp-json\/wp\/v2\/pages"}],"about":[{"href":"https:\/\/subaruperformance.com.py\/fueltech\/wp-json\/wp\/v2\/types\/page"}],"author":[{"embeddable":true,"href":"https:\/\/subaruperformance.com.py\/fueltech\/wp-json\/wp\/v2\/users\/1"}],"replies":[{"embeddable":true,"href":"https:\/\/subaruperformance.com.py\/fueltech\/wp-json\/wp\/v2\/comments?post=533"}],"version-history":[{"count":34,"href":"https:\/\/subaruperformance.com.py\/fueltech\/wp-json\/wp\/v2\/pages\/533\/revisions"}],"predecessor-version":[{"id":1212,"href":"https:\/\/subaruperformance.com.py\/fueltech\/wp-json\/wp\/v2\/pages\/533\/revisions\/1212"}],"wp:attachment":[{"href":"https:\/\/subaruperformance.com.py\/fueltech\/wp-json\/wp\/v2\/media?parent=533"}],"curies":[{"name":"wp","href":"https:\/\/api.w.org\/{rel}","templated":true}]}}