{"id":556,"date":"2024-06-17T19:57:28","date_gmt":"2024-06-17T17:57:28","guid":{"rendered":"https:\/\/subaruperformance.com.py\/fueltech\/?page_id=556"},"modified":"2024-06-19T22:28:14","modified_gmt":"2024-06-19T20:28:14","slug":"software","status":"publish","type":"page","link":"https:\/\/subaruperformance.com.py\/fueltech\/software\/","title":{"rendered":"Software"},"content":{"rendered":"\t\t<div data-elementor-type=\"wp-page\" data-elementor-id=\"556\" class=\"elementor elementor-556\" data-elementor-post-type=\"page\">\n\t\t\t\t<div class=\"elementor-element elementor-element-7661ff6 e-flex e-con-boxed e-con e-parent\" data-id=\"7661ff6\" data-element_type=\"container\" data-e-type=\"container\" data-settings=\"{&quot;_ha_eqh_enable&quot;:false}\">\n\t\t\t\t\t<div class=\"e-con-inner\">\n\t\t\t\t<div class=\"elementor-element elementor-element-db0bf9a ha-css-transform-yes elementor-widget elementor-widget-heading\" data-id=\"db0bf9a\" data-element_type=\"widget\" data-e-type=\"widget\" data-widget_type=\"heading.default\">\n\t\t\t\t<div class=\"elementor-widget-container\">\n\t\t\t\t\t<h1 class=\"elementor-heading-title elementor-size-default\">SOFTWARE<\/h1>\t\t\t\t<\/div>\n\t\t\t\t<\/div>\n\t\t\t\t<div class=\"elementor-element elementor-element-8d69fc1 elementor-widget elementor-widget-ha-breadcrumbs happy-addon ha-breadcrumbs happy-addon-pro\" data-id=\"8d69fc1\" data-element_type=\"widget\" data-e-type=\"widget\" data-widget_type=\"ha-breadcrumbs.default\">\n\t\t\t\t<div class=\"elementor-widget-container\">\n\t\t\t\t\t<ul class=\"ha-breadcrumbs\"><li class=\"ha-breadcrumbs-item ha-breadcrumbs-start\"><a href=\"https:\/\/subaruperformance.com.py\/fueltech\/\" rel=\"home\"><span class=\"ha-breadcrumbs-text\"><span class=\"ha-breadcrumbs-home-icon\"><span class=\"hm hm-home3\" aria-hidden=\"true\"><\/span><\/span>Inicio<\/span><\/a><\/li><\/ul>\t\t\t\t<\/div>\n\t\t\t\t<\/div>\n\t\t\t\t\t<\/div>\n\t\t\t\t<\/div>\n\t\t\t\t<section class=\"elementor-section elementor-top-section elementor-element elementor-element-2c467c9 elementor-section-content-top elementor-section-boxed elementor-section-height-default elementor-section-height-default\" data-id=\"2c467c9\" data-element_type=\"section\" data-e-type=\"section\" data-settings=\"{&quot;background_background&quot;:&quot;classic&quot;,&quot;_ha_eqh_enable&quot;:false}\">\n\t\t\t\t\t\t<div class=\"elementor-container elementor-column-gap-extended\">\n\t\t\t\t\t<div class=\"elementor-column elementor-col-100 elementor-top-column elementor-element elementor-element-147848e9\" data-id=\"147848e9\" data-element_type=\"column\" data-e-type=\"column\" data-settings=\"{&quot;background_background&quot;:&quot;classic&quot;}\">\n\t\t\t<div class=\"elementor-widget-wrap elementor-element-populated\">\n\t\t\t\t\t\t<div class=\"elementor-element elementor-element-7411fb9 elementor-widget elementor-widget-ha-advanced-tabs happy-addon ha-advanced-tabs happy-addon-pro\" data-id=\"7411fb9\" data-element_type=\"widget\" data-e-type=\"widget\" data-widget_type=\"ha-advanced-tabs.default\">\n\t\t\t\t<div class=\"elementor-widget-container\">\n\t\t\t\t\t\t\t<div class=\"ha-tabs-7411fb9 ha-tabs ha-tabs--nav-left  ha-tabs--nav-y-top ha-tabs--icon-left\" role=\"tablist\">\n\t\t\t<div class=\"ha-tabs__nav\">\n\t\t\t\t\t\t\t\t\t<div id=\"ha-tab-title-1211\" class=\"ha-tab__title ha-tab__title--desktop elementor-repeater-item-1a9d57f\" data-tab=\"1\" role=\"tab\" aria-controls=\"ha-tab__content-1211\">\n\t\t\t\t\t\t\t\t\t\t\t\t<span class=\"ha-tab__title-icon\"><i aria-hidden=\"true\" class=\"hm hm-finger-touch\"><\/i><\/span>\n\t\t\t\t\t\t\t\t\t\t\t\t<span class=\"ha-tab__title-text\">FTManager<\/span><\/div>\n\t\t\t\t\t\t\t\t\t<div id=\"ha-tab-title-1212\" class=\"ha-tab__title ha-tab__title--desktop elementor-repeater-item-0236eba\" data-tab=\"2\" role=\"tab\" aria-controls=\"ha-tab__content-1212\">\n\t\t\t\t\t\t\t\t\t\t\t\t<span class=\"ha-tab__title-icon\"><i aria-hidden=\"true\" class=\"hm hm-spark\"><\/i><\/span>\n\t\t\t\t\t\t\t\t\t\t\t\t<span class=\"ha-tab__title-text\">Administrador de ECU<\/span><\/div>\n\t\t\t\t\t\t\t\t\t<div id=\"ha-tab-title-1213\" class=\"ha-tab__title ha-tab__title--desktop elementor-repeater-item-88f7932\" data-tab=\"3\" role=\"tab\" aria-controls=\"ha-tab__content-1213\">\n\t\t\t\t\t\t\t\t\t\t\t\t<span class=\"ha-tab__title-icon\"><i aria-hidden=\"true\" class=\"hm hm-code-page\"><\/i><\/span>\n\t\t\t\t\t\t\t\t\t\t\t\t<span class=\"ha-tab__title-text\">Registrador de Datos<\/span><\/div>\n\t\t\t\t\t\t\t<\/div>\n\t\t\t<div class=\"ha-tabs__content\">\n\t\t\t\t\t\t\t\t\t<div class=\"ha-tab__title ha-tab__title--mobile elementor-repeater-item-1a9d57f\" data-tab=\"1\" role=\"tab\">\n\t\t\t\t\t\t\t\t\t\t\t\t<span class=\"ha-tab__title-icon\"><i aria-hidden=\"true\" class=\"hm hm-finger-touch\"><\/i><\/span>\n\t\t\t\t\t\t\t\t\t\t\t\t<span class=\"ha-tab__title-text\">FTManager<\/span>\n\t\t\t\t\t<\/div>\n\t\t\t\t\t<div id=\"ha-tab-content-1211\" class=\"ha-tab__content ha-clearfix elementor-repeater-item-1a9d57f\" data-tab=\"1\" role=\"tabpanel\" aria-labelledby=\"ha-tab-title-1211\">\n\t\t\t\t\t\t<div id=\"previous-ftmanager\" class=\"collapse in\"><p><img decoding=\"async\" class=\"alignleft\" src=\"https:\/\/cdn.shopify.com\/s\/files\/1\/1414\/6340\/files\/46x46_46x46_Thumb48_large.png?v=1501969672\" alt=\"FTManager\" \/><a href=\"https:\/\/files.fueltech.net\/software\/ftmanager.zip\" target=\"_blank\" rel=\"noopener noreferrer\"><strong>FT600\/FT550\/FT500\/FT500LITE\/FT450 &#8211; FTManager<br \/><\/strong><img decoding=\"async\" src=\"https:\/\/cdn.shopify.com\/s\/files\/1\/1414\/6340\/files\/Download_Icons-02_66714431-e3f4-46cf-a361-a7dd68a6da3a_large.jpg?v=1517427642\" alt=\"\" \/>\u00a0<\/a>Versi\u00f3n: 5.22 | Size: 245 MB<\/p><p>Software para FT600\/FT550\/FT550LITE\/FT500\/FT500LITE\/FT450 instalaci\u00f3n, configuraci\u00f3n, actualizaci\u00f3n y an\u00e1lisis del registrador de datos interno.\u00a0<\/p><p><strong><a class=\"toggle\" href=\"https:\/\/www.fueltechargentina.com.ar\/tienda\/software#previous-ftmanager\" data-toggle=\"collapse\" data-target=\"#previous-ftmanager\">Versi\u00f3nes anteriores: \u25bc<br \/><\/a><\/strong><\/p><div id=\"previous-ftmanager\" class=\"collapse in\"><p><a title=\"FTManager 5.21\" href=\"https:\/\/files.fueltech.net\/software\/previous\/ftmanager-v521.zip\" target=\"_blank\" rel=\"noopener\"><img decoding=\"async\" src=\"https:\/\/cdn.shopify.com\/s\/files\/1\/1414\/6340\/files\/Download_Icons-02_66714431-e3f4-46cf-a361-a7dd68a6da3a_large.jpg?v=1517427642\" alt=\"\" \/>\u00a0Version 5.21 | Size:\u00a0239 MB<br \/><\/a><a title=\"FTManager 5.11\" href=\"https:\/\/files.fueltech.net\/software\/previous\/ftmanager-v511.zip\" target=\"_blank\" rel=\"noopener\"><img decoding=\"async\" src=\"https:\/\/cdn.shopify.com\/s\/files\/1\/1414\/6340\/files\/Download_Icons-02_66714431-e3f4-46cf-a361-a7dd68a6da3a_large.jpg?v=1517427642\" alt=\"\" \/>\u00a0Version 5.11 | Size:\u00a0212 MB<\/a><a title=\"FTManager 5.11\" href=\"https:\/\/files.fueltech.net\/software\/previous\/ftmanager-v511.zip\" target=\"_blank\" rel=\"noopener\"><br \/><\/a><a title=\"FTManager 5.10\" href=\"https:\/\/files.fueltech.net\/software\/previous\/ftmanager-v510.zip\" target=\"_blank\" rel=\"noopener\"><img decoding=\"async\" src=\"https:\/\/cdn.shopify.com\/s\/files\/1\/1414\/6340\/files\/Download_Icons-02_66714431-e3f4-46cf-a361-a7dd68a6da3a_large.jpg?v=1517427642\" alt=\"\" \/>\u00a0Version 5.10 | Size:\u00a0212 MB<\/a><a title=\"FTManager 5.10\" href=\"https:\/\/files.fueltech.net\/software\/previous\/ftmanager-v510.zip\" target=\"_blank\" rel=\"noopener\"><br \/><\/a><a title=\"FTManager 5.02\" href=\"https:\/\/files.fueltech.net\/software\/previous\/ftmanager-v502.zip\" target=\"_blank\" rel=\"noopener\"><img decoding=\"async\" src=\"https:\/\/cdn.shopify.com\/s\/files\/1\/1414\/6340\/files\/Download_Icons-02_66714431-e3f4-46cf-a361-a7dd68a6da3a_large.jpg?v=1517427642\" alt=\"\" \/>\u00a0Version 5.02 | Size:\u00a0212 MB<br \/><\/a><a title=\"FTManager 4.91\" href=\"https:\/\/files.fueltech.net\/software\/previous\/ftmanager-v491.zip\" target=\"_blank\" rel=\"noopener\"><img decoding=\"async\" src=\"https:\/\/cdn.shopify.com\/s\/files\/1\/1414\/6340\/files\/Download_Icons-02_66714431-e3f4-46cf-a361-a7dd68a6da3a_large.jpg?v=1517427642\" alt=\"\" \/>\u00a0Version 4.91 | Size:\u00a0212 MB<\/a><a title=\"FTManager 4.82\" href=\"https:\/\/files.fueltech.net\/software\/previous\/ftmanager-v482.zip\" target=\"_blank\" rel=\"noopener\"><br \/><\/a><a title=\"FTManager 4.82\" href=\"https:\/\/files.fueltech.net\/software\/previous\/ftmanager-v482.zip\" target=\"_blank\" rel=\"noopener\"><img decoding=\"async\" src=\"https:\/\/cdn.shopify.com\/s\/files\/1\/1414\/6340\/files\/Download_Icons-02_66714431-e3f4-46cf-a361-a7dd68a6da3a_large.jpg?v=1517427642\" alt=\"\" \/><\/a><a title=\"FTManager 4.82\" href=\"https:\/\/files.fueltech.net\/software\/previous\/ftmanager-v482.zip\" target=\"_blank\" rel=\"noopener\">\u00a0Version 4.82 | Size:\u00a0212 MB<\/a><a title=\"FTManager 4.82\" href=\"https:\/\/files.fueltech.net\/software\/previous\/ftmanager-v491.zip\" target=\"_blank\" rel=\"noopener\"><br \/><\/a><a title=\"FTManager 4.76\" href=\"https:\/\/files.fueltech.net\/software\/previous\/ftmanager-v476.zip\" target=\"_blank\" rel=\"noopener\"><img decoding=\"async\" src=\"https:\/\/cdn.shopify.com\/s\/files\/1\/1414\/6340\/files\/Download_Icons-02_66714431-e3f4-46cf-a361-a7dd68a6da3a_large.jpg?v=1517427642\" alt=\"\" \/>\u00a0Version 4.76 | Size:\u00a0207 MB<br \/><\/a><a title=\"FTManager 4.63\" href=\"https:\/\/files.fueltech.net\/software\/previous\/ftmanager-v463.zip\" target=\"_blank\" rel=\"noopener\"><img decoding=\"async\" src=\"https:\/\/cdn.shopify.com\/s\/files\/1\/1414\/6340\/files\/Download_Icons-02_66714431-e3f4-46cf-a361-a7dd68a6da3a_large.jpg?v=1517427642\" alt=\"\" \/>\u00a0Version 4.63 | Size:\u00a0207 MB<br \/><\/a><a title=\"FTManager 4.52\" href=\"https:\/\/files.fueltech.net\/software\/previous\/ftmanager-v452.zip\" target=\"_blank\" rel=\"noopener\"><img decoding=\"async\" src=\"https:\/\/cdn.shopify.com\/s\/files\/1\/1414\/6340\/files\/Download_Icons-02_66714431-e3f4-46cf-a361-a7dd68a6da3a_large.jpg?v=1517427642\" alt=\"\" \/>\u00a0Version 4.52 | Size:\u00a0207 MB<br \/><\/a><a title=\"FTManager 4.41\" href=\"https:\/\/files.fueltech.net\/software\/previous\/ftmanager-v441.zip\" target=\"_blank\" rel=\"noopener\"><img decoding=\"async\" src=\"https:\/\/cdn.shopify.com\/s\/files\/1\/1414\/6340\/files\/Download_Icons-02_66714431-e3f4-46cf-a361-a7dd68a6da3a_large.jpg?v=1517427642\" alt=\"\" \/>\u00a0Version 4.41 | Size:\u00a0200 MB<br \/><\/a><a title=\"FTManager 4.32\" href=\"https:\/\/files.fueltech.net\/software\/previous\/ftmanager-v432.zip\" target=\"_blank\" rel=\"noopener\"><img decoding=\"async\" src=\"https:\/\/cdn.shopify.com\/s\/files\/1\/1414\/6340\/files\/Download_Icons-02_66714431-e3f4-46cf-a361-a7dd68a6da3a_large.jpg?v=1517427642\" alt=\"\" \/>\u00a0Version 4.32 | Size:\u00a0201 MB<br \/><\/a><a title=\"FTManager 4.28\" href=\"https:\/\/files.fueltech.net\/software\/previous\/ftmanager-v428.zip\" target=\"_blank\" rel=\"noopener\"><img decoding=\"async\" src=\"https:\/\/cdn.shopify.com\/s\/files\/1\/1414\/6340\/files\/Download_Icons-02_66714431-e3f4-46cf-a361-a7dd68a6da3a_large.jpg?v=1517427642\" alt=\"\" \/>\u00a0Version 4.28 | Size:\u00a0201 MB<br \/><\/a><a title=\"FTManager 4.11\" href=\"https:\/\/files.fueltech.net\/software\/previous\/ftmanager-v411.zip\" target=\"_blank\" rel=\"noopener\"><img decoding=\"async\" src=\"https:\/\/cdn.shopify.com\/s\/files\/1\/1414\/6340\/files\/Download_Icons-02_66714431-e3f4-46cf-a361-a7dd68a6da3a_large.jpg?v=1517427642\" alt=\"\" \/>\u00a0Version 4.11 | Size:\u00a0191 MB<br \/><\/a><a title=\"FTManager 4.03\" href=\"https:\/\/files.fueltech.net\/software\/previous\/ftmanager-v403.zip\" target=\"_blank\" rel=\"noopener\"><img decoding=\"async\" src=\"https:\/\/cdn.shopify.com\/s\/files\/1\/1414\/6340\/files\/Download_Icons-02_66714431-e3f4-46cf-a361-a7dd68a6da3a_large.jpg?v=1517427642\" alt=\"\" \/>\u00a0Version 4.03 | Size:\u00a0190 MB\u00a0<br \/><\/a><a title=\"FTManager 3.42\" href=\"https:\/\/files.fueltech.net\/software\/previous\/ftmanager-v342.zip\" target=\"_blank\" rel=\"noopener\"><img decoding=\"async\" src=\"https:\/\/cdn.shopify.com\/s\/files\/1\/1414\/6340\/files\/Download_Icons-02_66714431-e3f4-46cf-a361-a7dd68a6da3a_large.jpg?v=1517427642\" alt=\"\" \/>\u00a0Version 3.42 | Size:\u00a0123 MB<br \/><\/a><a title=\"FTManager 3.33\" href=\"https:\/\/files.fueltech.net\/software\/previous\/ftmanager-v333.zip\" target=\"_blank\" rel=\"noopener\"><img decoding=\"async\" src=\"https:\/\/cdn.shopify.com\/s\/files\/1\/1414\/6340\/files\/Download_Icons-02_66714431-e3f4-46cf-a361-a7dd68a6da3a_large.jpg?v=1517427642\" alt=\"\" \/>\u00a0Version 3.33 | Size:\u00a0122 MB<br \/><\/a><a title=\"FTManager 3.23\" href=\"https:\/\/files.fueltech.net\/software\/previous\/ftmanager-v323.zip\" target=\"_blank\" rel=\"noopener\"><img decoding=\"async\" src=\"https:\/\/cdn.shopify.com\/s\/files\/1\/1414\/6340\/files\/Download_Icons-02_66714431-e3f4-46cf-a361-a7dd68a6da3a_large.jpg?v=1517427642\" alt=\"\" \/>\u00a0Version 3.23 | Size:\u00a0122 MB<br \/><\/a><a title=\"FTManager 3.18\" href=\"https:\/\/files.fueltech.net\/software\/previous\/ftmanager-v318.zip\" target=\"_blank\" rel=\"noopener\"><img decoding=\"async\" src=\"https:\/\/cdn.shopify.com\/s\/files\/1\/1414\/6340\/files\/Download_Icons-02_66714431-e3f4-46cf-a361-a7dd68a6da3a_large.jpg?v=1517427642\" alt=\"\" \/>\u00a0Version 3.18 | Size:\u00a0121 MB<br \/><\/a><a title=\"FTManager 3.05\" href=\"https:\/\/files.fueltech.net\/software\/previous\/ftmanager-v305.zip\" target=\"_blank\" rel=\"noopener\"><img decoding=\"async\" src=\"https:\/\/cdn.shopify.com\/s\/files\/1\/1414\/6340\/files\/Download_Icons-02_66714431-e3f4-46cf-a361-a7dd68a6da3a_large.jpg?v=1517427642\" alt=\"\" \/>\u00a0Version 3.05 | Size:\u00a0120 MB<\/a><\/p><\/div><\/div>\t\t\t\t\t<\/div>\n\t\t\t\t\t\t\t\t\t<div class=\"ha-tab__title ha-tab__title--mobile elementor-repeater-item-0236eba\" data-tab=\"2\" role=\"tab\">\n\t\t\t\t\t\t\t\t\t\t\t\t<span class=\"ha-tab__title-icon\"><i aria-hidden=\"true\" class=\"hm hm-spark\"><\/i><\/span>\n\t\t\t\t\t\t\t\t\t\t\t\t<span class=\"ha-tab__title-text\">Administrador de ECU<\/span>\n\t\t\t\t\t<\/div>\n\t\t\t\t\t<div id=\"ha-tab-content-1212\" class=\"ha-tab__content ha-clearfix elementor-repeater-item-0236eba\" data-tab=\"2\" role=\"tabpanel\" aria-labelledby=\"ha-tab-title-1212\">\n\t\t\t\t\t\t<p><a href=\"https:\/\/www.fueltechargentina.com.ar\/Pubs\/Sites\/Default\/Downloads\/ftsoftware-pack.zip\" target=\"_blank\" rel=\"noopener noreferrer\"><strong><img decoding=\"async\" class=\"alignleft\" src=\"https:\/\/cdn.shopify.com\/s\/files\/1\/1414\/6340\/files\/46x47_46x47_ico_ecu_b8cee2ab-1afa-4be4-aa18-68abb279fd11_large.png?v=1502421648\" alt=\"\" \/>FT400\/FT350 y anteriores &#8211; Software Pack<br \/><\/strong><img decoding=\"async\" src=\"https:\/\/cdn.shopify.com\/s\/files\/1\/1414\/6340\/files\/Download_Icons-02_66714431-e3f4-46cf-a361-a7dd68a6da3a_large.jpg?v=1517427642\" alt=\"\" \/>\u00a0<\/a>\u00a0\u00a0Versi\u00f3n: 1.93 | Size: 100 MB<\/p><p>Administrador de ECU y registrador de datos para FT400 \/ 350 y ECU anteriores para instalaci\u00f3n, configuraci\u00f3n y an\u00e1lisis del registrador de datos interno. CAN Updater para FT400 \/ 350 y ECU anteriores, as\u00ed como BoostController2, GearController, KnockMeter y USB-CAN Converter.<\/p>\t\t\t\t\t<\/div>\n\t\t\t\t\t\t\t\t\t<div class=\"ha-tab__title ha-tab__title--mobile elementor-repeater-item-88f7932\" data-tab=\"3\" role=\"tab\">\n\t\t\t\t\t\t\t\t\t\t\t\t<span class=\"ha-tab__title-icon\"><i aria-hidden=\"true\" class=\"hm hm-code-page\"><\/i><\/span>\n\t\t\t\t\t\t\t\t\t\t\t\t<span class=\"ha-tab__title-text\">Registrador de Datos<\/span>\n\t\t\t\t\t<\/div>\n\t\t\t\t\t<div id=\"ha-tab-content-1213\" class=\"ha-tab__content ha-clearfix elementor-repeater-item-88f7932\" data-tab=\"3\" role=\"tabpanel\" aria-labelledby=\"ha-tab-title-1213\">\n\t\t\t\t\t\t<p><a href=\"https:\/\/www.fueltechargentina.com.ar\/Pubs\/Sites\/Default\/Downloads\/ftdatalogger.zip\" target=\"_blank\" rel=\"noopener noreferrer\"><strong><img decoding=\"async\" class=\"alignleft\" src=\"https:\/\/cdn.shopify.com\/s\/files\/1\/1414\/6340\/files\/46x47_ico_dl-0_large.png?v=1501970408\" alt=\"DL\" \/>PRO24\/WB-O2 Registrador<\/strong><br \/><img decoding=\"async\" src=\"https:\/\/cdn.shopify.com\/s\/files\/1\/1414\/6340\/files\/Download_Icons-02_66714431-e3f4-46cf-a361-a7dd68a6da3a_large.jpg?v=1517427642\" alt=\"\" \/>\u00a0<\/a>\u00a0\u00a0Versi\u00f3n: 3.60 | Size: 37.1 MB<\/p><p>Software registrador de datos para registrador de datos PRO24 y WB-O2<\/p>\t\t\t\t\t<\/div>\n\t\t\t\t\t\t\t<\/div>\n\t\t<\/div>\n\t\t\t\t\t\t<\/div>\n\t\t\t\t<\/div>\n\t\t\t\t\t<\/div>\n\t\t<\/div>\n\t\t\t\t\t<\/div>\n\t\t<\/section>\n\t\t\t\t<\/div>\n\t\t","protected":false},"excerpt":{"rendered":"<p>SOFTWARE Inicio FTManager Administrador de ECU Registrador de Datos FTManager FT600\/FT550\/FT500\/FT500LITE\/FT450 &#8211; FTManager\u00a0Versi\u00f3n: 5.22 | Size: 245 MB Software para FT600\/FT550\/FT550LITE\/FT500\/FT500LITE\/FT450 instalaci\u00f3n, configuraci\u00f3n, actualizaci\u00f3n y an\u00e1lisis del registrador de datos interno.\u00a0 Versi\u00f3nes anteriores: \u25bc \u00a0Version 5.21 | Size:\u00a0239 MB\u00a0Version 5.11 | Size:\u00a0212 MB\u00a0Version 5.10 | Size:\u00a0212 MB\u00a0Version 5.02 | Size:\u00a0212 MB\u00a0Version 4.91 | Size:\u00a0212 MB\u00a0Version [&hellip;]<\/p>\n","protected":false},"author":1,"featured_media":0,"parent":0,"menu_order":0,"comment_status":"closed","ping_status":"closed","template":"","meta":{"footnotes":""},"class_list":["post-556","page","type-page","status-publish","hentry"],"jetpack_sharing_enabled":true,"_links":{"self":[{"href":"https:\/\/subaruperformance.com.py\/fueltech\/wp-json\/wp\/v2\/pages\/556","targetHints":{"allow":["GET"]}}],"collection":[{"href":"https:\/\/subaruperformance.com.py\/fueltech\/wp-json\/wp\/v2\/pages"}],"about":[{"href":"https:\/\/subaruperformance.com.py\/fueltech\/wp-json\/wp\/v2\/types\/page"}],"author":[{"embeddable":true,"href":"https:\/\/subaruperformance.com.py\/fueltech\/wp-json\/wp\/v2\/users\/1"}],"replies":[{"embeddable":true,"href":"https:\/\/subaruperformance.com.py\/fueltech\/wp-json\/wp\/v2\/comments?post=556"}],"version-history":[{"count":31,"href":"https:\/\/subaruperformance.com.py\/fueltech\/wp-json\/wp\/v2\/pages\/556\/revisions"}],"predecessor-version":[{"id":1215,"href":"https:\/\/subaruperformance.com.py\/fueltech\/wp-json\/wp\/v2\/pages\/556\/revisions\/1215"}],"wp:attachment":[{"href":"https:\/\/subaruperformance.com.py\/fueltech\/wp-json\/wp\/v2\/media?parent=556"}],"curies":[{"name":"wp","href":"https:\/\/api.w.org\/{rel}","templated":true}]}}