{"id":606,"date":"2024-06-17T21:25:36","date_gmt":"2024-06-17T19:25:36","guid":{"rendered":"https:\/\/subaruperformance.com.py\/fueltech\/?page_id=606"},"modified":"2024-06-19T22:27:22","modified_gmt":"2024-06-19T20:27:22","slug":"quienes-somos","status":"publish","type":"page","link":"https:\/\/subaruperformance.com.py\/fueltech\/quienes-somos\/","title":{"rendered":"Qui\u00e9nes Somos"},"content":{"rendered":"\t\t<div data-elementor-type=\"wp-page\" data-elementor-id=\"606\" class=\"elementor elementor-606\" data-elementor-post-type=\"page\">\n\t\t\t\t<div class=\"elementor-element elementor-element-7661ff6 e-flex e-con-boxed e-con e-parent\" data-id=\"7661ff6\" data-element_type=\"container\" data-e-type=\"container\" data-settings=\"{&quot;_ha_eqh_enable&quot;:false}\">\n\t\t\t\t\t<div class=\"e-con-inner\">\n\t\t\t\t<div class=\"elementor-element elementor-element-db0bf9a ha-css-transform-yes elementor-widget elementor-widget-heading\" data-id=\"db0bf9a\" data-element_type=\"widget\" data-e-type=\"widget\" data-widget_type=\"heading.default\">\n\t\t\t\t<div class=\"elementor-widget-container\">\n\t\t\t\t\t<h1 class=\"elementor-heading-title elementor-size-default\">Qui\u00e9nes Somos<\/h1>\t\t\t\t<\/div>\n\t\t\t\t<\/div>\n\t\t\t\t<div class=\"elementor-element elementor-element-8d69fc1 elementor-widget elementor-widget-ha-breadcrumbs happy-addon ha-breadcrumbs happy-addon-pro\" data-id=\"8d69fc1\" data-element_type=\"widget\" data-e-type=\"widget\" data-widget_type=\"ha-breadcrumbs.default\">\n\t\t\t\t<div class=\"elementor-widget-container\">\n\t\t\t\t\t<ul class=\"ha-breadcrumbs\"><li class=\"ha-breadcrumbs-item ha-breadcrumbs-start\"><a href=\"https:\/\/subaruperformance.com.py\/fueltech\/\" rel=\"home\"><span class=\"ha-breadcrumbs-text\"><span class=\"ha-breadcrumbs-home-icon\"><span class=\"hm hm-home3\" aria-hidden=\"true\"><\/span><\/span>Inicio<\/span><\/a><\/li><\/ul>\t\t\t\t<\/div>\n\t\t\t\t<\/div>\n\t\t\t\t<div class=\"elementor-element elementor-element-b59f9ee elementor-widget elementor-widget-image\" data-id=\"b59f9ee\" data-element_type=\"widget\" data-e-type=\"widget\" data-widget_type=\"image.default\">\n\t\t\t\t<div class=\"elementor-widget-container\">\n\t\t\t\t\t\t\t\t\t\t\t\t\t\t\t<img fetchpriority=\"high\" decoding=\"async\" width=\"1080\" height=\"675\" src=\"https:\/\/subaruperformance.com.py\/fueltech\/wp-content\/uploads\/2024\/06\/fuel-tech-03-1080x675-1.png\" class=\"attachment-full size-full wp-image-869\" alt=\"\" srcset=\"https:\/\/subaruperformance.com.py\/fueltech\/wp-content\/uploads\/2024\/06\/fuel-tech-03-1080x675-1.png 1080w, https:\/\/subaruperformance.com.py\/fueltech\/wp-content\/uploads\/2024\/06\/fuel-tech-03-1080x675-1-300x188.png 300w, https:\/\/subaruperformance.com.py\/fueltech\/wp-content\/uploads\/2024\/06\/fuel-tech-03-1080x675-1-1024x640.png 1024w, https:\/\/subaruperformance.com.py\/fueltech\/wp-content\/uploads\/2024\/06\/fuel-tech-03-1080x675-1-768x480.png 768w, https:\/\/subaruperformance.com.py\/fueltech\/wp-content\/uploads\/2024\/06\/fuel-tech-03-1080x675-1-600x375.png 600w\" sizes=\"(max-width: 1080px) 100vw, 1080px\" \/>\t\t\t\t\t\t\t\t\t\t\t\t\t\t\t<\/div>\n\t\t\t\t<\/div>\n\t\t\t\t<div class=\"elementor-element elementor-element-3ebcfd9 elementor-widget elementor-widget-text-editor\" data-id=\"3ebcfd9\" data-element_type=\"widget\" data-e-type=\"widget\" data-widget_type=\"text-editor.default\">\n\t\t\t\t<div class=\"elementor-widget-container\">\n\t\t\t\t\t\t\t\t\t<p>\u00a0<\/p><p>FuelTech es una empresa genuinamente brasile\u00f1a, fundada en el 2003 y establecido en la ciudad de Porto Alegre, RS. Ya que por lo que ha estado desarrollando tecnolog\u00eda y soluciones para el mercado Rendimiento automotriz.<\/p><p>\u00a0<\/p><p>Destaca por su esp\u00edritu pionero para integrar usabilidad, rendimiento y funcionalidad en sus m\u00f3dulos de gesti\u00f3n del motor, que han innovado el Mercado mundial.<\/p><p>Nuestros productos permitieron el control, la edici\u00f3n mapas, configuraciones y tablero a trav\u00e9s de la pantalla de cristal l\u00edquido sensible al tacto integrada en el m\u00f3dulo, formato compacto y todo en uno.<\/p><p>Nuestra b\u00fasqueda constante de innovaci\u00f3n y dedicaci\u00f3n abri\u00f3 nuevas posibilidades y el resultado es visto por el desarrollo nuevos productos. FuelTech ofrece una cartera con amplia gama de productos y soluciones, que van m\u00e1s all\u00e1 del simple suministro del centro de gesti\u00f3n del motor.<\/p><p>Adem\u00e1s de su sede en Brasil, FuelTech tiene una unidad en EE. UU., FuelTech EE. UU., Con sede en Ball Ground GA,<\/p><p>\u00bfD\u00f3nde est\u00e1 la distribuci\u00f3n de productos para diferentes mercados?<\/p><p>como Am\u00e9rica del Norte, Ocean\u00eda y Oriente Medio. Gran parte el desarrollo y las pruebas se llevan a cabo en la unidad FuelTech EE.UU. , tiene una estructura de dinam\u00f3metro de motor para m\u00e1s de 5,000 caballos de fuerza y ??muchas pruebas en aceleraci\u00f3n. Contamos con una estructura de Soporte T\u00e9cnico local tambi\u00e9n en USA.<\/p><p>Toda la producci\u00f3n se realiza y controla en la sede de Porto Alegre. Brasil. Los productos se distribuyen en todo Brasil y tambi\u00e9n exportados directamente a Sudam\u00e9rica y al USA que atiende al mercado europeo y australiano, entre otros.<\/p><p>Con muy fuerte inversi\u00f3n en desarrollo tanto en la unidad Brasil y Estados Unidos, la incansable b\u00fasqueda del liderazgo \u00a1La tecnolog\u00eda mundial en el segmento es nuestro objetivo constante!<\/p>\t\t\t\t\t\t\t\t<\/div>\n\t\t\t\t<\/div>\n\t\t\t\t\t<\/div>\n\t\t\t\t<\/div>\n\t\t\t\t<\/div>\n\t\t","protected":false},"excerpt":{"rendered":"<p>Qui\u00e9nes Somos Inicio \u00a0 FuelTech es una empresa genuinamente brasile\u00f1a, fundada en el 2003 y establecido en la ciudad de Porto Alegre, RS. Ya que por lo que ha estado desarrollando tecnolog\u00eda y soluciones para el mercado Rendimiento automotriz. \u00a0 Destaca por su esp\u00edritu pionero para integrar usabilidad, rendimiento y funcionalidad en sus m\u00f3dulos de [&hellip;]<\/p>\n","protected":false},"author":1,"featured_media":0,"parent":0,"menu_order":0,"comment_status":"closed","ping_status":"closed","template":"","meta":{"footnotes":""},"class_list":["post-606","page","type-page","status-publish","hentry"],"jetpack_sharing_enabled":true,"_links":{"self":[{"href":"https:\/\/subaruperformance.com.py\/fueltech\/wp-json\/wp\/v2\/pages\/606","targetHints":{"allow":["GET"]}}],"collection":[{"href":"https:\/\/subaruperformance.com.py\/fueltech\/wp-json\/wp\/v2\/pages"}],"about":[{"href":"https:\/\/subaruperformance.com.py\/fueltech\/wp-json\/wp\/v2\/types\/page"}],"author":[{"embeddable":true,"href":"https:\/\/subaruperformance.com.py\/fueltech\/wp-json\/wp\/v2\/users\/1"}],"replies":[{"embeddable":true,"href":"https:\/\/subaruperformance.com.py\/fueltech\/wp-json\/wp\/v2\/comments?post=606"}],"version-history":[{"count":19,"href":"https:\/\/subaruperformance.com.py\/fueltech\/wp-json\/wp\/v2\/pages\/606\/revisions"}],"predecessor-version":[{"id":1203,"href":"https:\/\/subaruperformance.com.py\/fueltech\/wp-json\/wp\/v2\/pages\/606\/revisions\/1203"}],"wp:attachment":[{"href":"https:\/\/subaruperformance.com.py\/fueltech\/wp-json\/wp\/v2\/media?parent=606"}],"curies":[{"name":"wp","href":"https:\/\/api.w.org\/{rel}","templated":true}]}}