{"id":6674,"date":"2026-05-02T18:59:58","date_gmt":"2026-05-02T16:59:58","guid":{"rendered":"https:\/\/subaruperformance.com.py\/fueltech\/product\/ft-450\/"},"modified":"2026-05-02T18:59:58","modified_gmt":"2026-05-02T16:59:58","slug":"ft-450","status":"publish","type":"product","link":"https:\/\/subaruperformance.com.py\/fueltech\/product\/ft-450\/","title":{"rendered":"FT 450"},"content":{"rendered":"<p>ECU de la l\u00ednea PowerFT con pantalla de 4.3 pulgadas, inyecci\u00f3n y encendido secuencial, control activo de tracci\u00f3n, BoostController integrado y carcasa impermeable.<\/p>\n","protected":false},"excerpt":{"rendered":"<p>ECU de la l\u00ednea PowerFT con pantalla de 4.3 pulgadas, inyecci\u00f3n y encendido secuencial, control activo de tracci\u00f3n, BoostController integrado y carcasa impermeable.<\/p>\n","protected":false},"featured_media":6673,"comment_status":"open","ping_status":"closed","template":"","meta":[],"product_brand":[],"product_cat":[18],"product_tag":[],"class_list":{"0":"post-6674","1":"product","2":"type-product","3":"status-publish","4":"has-post-thumbnail","6":"product_cat-uncategorized","8":"first","9":"instock","10":"shipping-taxable","11":"purchasable","12":"product-type-simple"},"jetpack_sharing_enabled":true,"_links":{"self":[{"href":"https:\/\/subaruperformance.com.py\/fueltech\/wp-json\/wp\/v2\/product\/6674","targetHints":{"allow":["GET"]}}],"collection":[{"href":"https:\/\/subaruperformance.com.py\/fueltech\/wp-json\/wp\/v2\/product"}],"about":[{"href":"https:\/\/subaruperformance.com.py\/fueltech\/wp-json\/wp\/v2\/types\/product"}],"replies":[{"embeddable":true,"href":"https:\/\/subaruperformance.com.py\/fueltech\/wp-json\/wp\/v2\/comments?post=6674"}],"version-history":[{"count":0,"href":"https:\/\/subaruperformance.com.py\/fueltech\/wp-json\/wp\/v2\/product\/6674\/revisions"}],"wp:featuredmedia":[{"embeddable":true,"href":"https:\/\/subaruperformance.com.py\/fueltech\/wp-json\/wp\/v2\/media\/6673"}],"wp:attachment":[{"href":"https:\/\/subaruperformance.com.py\/fueltech\/wp-json\/wp\/v2\/media?parent=6674"}],"wp:term":[{"taxonomy":"product_brand","embeddable":true,"href":"https:\/\/subaruperformance.com.py\/fueltech\/wp-json\/wp\/v2\/product_brand?post=6674"},{"taxonomy":"product_cat","embeddable":true,"href":"https:\/\/subaruperformance.com.py\/fueltech\/wp-json\/wp\/v2\/product_cat?post=6674"},{"taxonomy":"product_tag","embeddable":true,"href":"https:\/\/subaruperformance.com.py\/fueltech\/wp-json\/wp\/v2\/product_tag?post=6674"}],"curies":[{"name":"wp","href":"https:\/\/api.w.org\/{rel}","templated":true}]}}