{"id":6694,"date":"2026-05-02T19:59:06","date_gmt":"2026-05-02T17:59:06","guid":{"rendered":"https:\/\/subaruperformance.com.py\/fueltech\/product\/nanopro\/"},"modified":"2026-05-02T19:59:06","modified_gmt":"2026-05-02T17:59:06","slug":"nanopro","status":"publish","type":"product","link":"https:\/\/subaruperformance.com.py\/fueltech\/product\/nanopro\/","title":{"rendered":"NANOPRO"},"content":{"rendered":"<p>Rango de lectura ampliado de 0,21 a 9,99 con hardware avanzado. Pantalla t\u00e1ctil LCD a color de 2 pulgadas, funciona como panel de instrumentos secundario a trav\u00e9s de FTCAN 2.0. Incluye funci\u00f3n SwitchPanel para activar funciones de la ECU y es resistente al agua.<\/p>\n","protected":false},"excerpt":{"rendered":"<p>Rango de lectura ampliado de 0,21 a 9,99 con hardware avanzado. Pantalla t\u00e1ctil LCD a color de 2 pulgadas, funciona como panel de instrumentos secundario a trav\u00e9s de FTCAN 2.0. Incluye funci\u00f3n SwitchPanel para activar funciones de la ECU y es resistente al agua.<\/p>\n","protected":false},"featured_media":6693,"comment_status":"open","ping_status":"closed","template":"","meta":[],"product_brand":[],"product_cat":[18],"product_tag":[],"class_list":{"0":"post-6694","1":"product","2":"type-product","3":"status-publish","4":"has-post-thumbnail","6":"product_cat-uncategorized","8":"first","9":"instock","10":"shipping-taxable","11":"purchasable","12":"product-type-simple"},"jetpack_sharing_enabled":true,"_links":{"self":[{"href":"https:\/\/subaruperformance.com.py\/fueltech\/wp-json\/wp\/v2\/product\/6694","targetHints":{"allow":["GET"]}}],"collection":[{"href":"https:\/\/subaruperformance.com.py\/fueltech\/wp-json\/wp\/v2\/product"}],"about":[{"href":"https:\/\/subaruperformance.com.py\/fueltech\/wp-json\/wp\/v2\/types\/product"}],"replies":[{"embeddable":true,"href":"https:\/\/subaruperformance.com.py\/fueltech\/wp-json\/wp\/v2\/comments?post=6694"}],"version-history":[{"count":0,"href":"https:\/\/subaruperformance.com.py\/fueltech\/wp-json\/wp\/v2\/product\/6694\/revisions"}],"wp:featuredmedia":[{"embeddable":true,"href":"https:\/\/subaruperformance.com.py\/fueltech\/wp-json\/wp\/v2\/media\/6693"}],"wp:attachment":[{"href":"https:\/\/subaruperformance.com.py\/fueltech\/wp-json\/wp\/v2\/media?parent=6694"}],"wp:term":[{"taxonomy":"product_brand","embeddable":true,"href":"https:\/\/subaruperformance.com.py\/fueltech\/wp-json\/wp\/v2\/product_brand?post=6694"},{"taxonomy":"product_cat","embeddable":true,"href":"https:\/\/subaruperformance.com.py\/fueltech\/wp-json\/wp\/v2\/product_cat?post=6694"},{"taxonomy":"product_tag","embeddable":true,"href":"https:\/\/subaruperformance.com.py\/fueltech\/wp-json\/wp\/v2\/product_tag?post=6694"}],"curies":[{"name":"wp","href":"https:\/\/api.w.org\/{rel}","templated":true}]}}