{"id":6710,"date":"2026-05-02T20:32:35","date_gmt":"2026-05-02T18:32:35","guid":{"rendered":"https:\/\/subaruperformance.com.py\/fueltech\/product\/cableado-main-ft200-ft250-ft300-ft350-y-ft400\/"},"modified":"2026-05-02T20:32:35","modified_gmt":"2026-05-02T18:32:35","slug":"cableado-main-ft200-ft250-ft300-ft350-y-ft400","status":"publish","type":"product","link":"https:\/\/subaruperformance.com.py\/fueltech\/product\/cableado-main-ft200-ft250-ft300-ft350-y-ft400\/","title":{"rendered":"CABLEADO MAIN FT200, FT250, FT300, FT350 Y FT400"},"content":{"rendered":"<p>Arn\u00e9s principal de 3 metros para m\u00f3dulos anteriores de FuelTech, ideal para veh\u00edculos con motor delantero.<\/p>\n","protected":false},"excerpt":{"rendered":"<p>Arn\u00e9s principal de 3 metros para m\u00f3dulos anteriores de FuelTech, ideal para veh\u00edculos con motor delantero.<\/p>\n","protected":false},"featured_media":6709,"comment_status":"open","ping_status":"closed","template":"","meta":[],"product_brand":[],"product_cat":[18],"product_tag":[],"class_list":{"0":"post-6710","1":"product","2":"type-product","3":"status-publish","4":"has-post-thumbnail","6":"product_cat-uncategorized","8":"first","9":"instock","10":"shipping-taxable","11":"purchasable","12":"product-type-simple"},"jetpack_sharing_enabled":true,"_links":{"self":[{"href":"https:\/\/subaruperformance.com.py\/fueltech\/wp-json\/wp\/v2\/product\/6710","targetHints":{"allow":["GET"]}}],"collection":[{"href":"https:\/\/subaruperformance.com.py\/fueltech\/wp-json\/wp\/v2\/product"}],"about":[{"href":"https:\/\/subaruperformance.com.py\/fueltech\/wp-json\/wp\/v2\/types\/product"}],"replies":[{"embeddable":true,"href":"https:\/\/subaruperformance.com.py\/fueltech\/wp-json\/wp\/v2\/comments?post=6710"}],"version-history":[{"count":0,"href":"https:\/\/subaruperformance.com.py\/fueltech\/wp-json\/wp\/v2\/product\/6710\/revisions"}],"wp:featuredmedia":[{"embeddable":true,"href":"https:\/\/subaruperformance.com.py\/fueltech\/wp-json\/wp\/v2\/media\/6709"}],"wp:attachment":[{"href":"https:\/\/subaruperformance.com.py\/fueltech\/wp-json\/wp\/v2\/media?parent=6710"}],"wp:term":[{"taxonomy":"product_brand","embeddable":true,"href":"https:\/\/subaruperformance.com.py\/fueltech\/wp-json\/wp\/v2\/product_brand?post=6710"},{"taxonomy":"product_cat","embeddable":true,"href":"https:\/\/subaruperformance.com.py\/fueltech\/wp-json\/wp\/v2\/product_cat?post=6710"},{"taxonomy":"product_tag","embeddable":true,"href":"https:\/\/subaruperformance.com.py\/fueltech\/wp-json\/wp\/v2\/product_tag?post=6710"}],"curies":[{"name":"wp","href":"https:\/\/api.w.org\/{rel}","templated":true}]}}